{"id":116,"date":"2019-09-01T15:58:25","date_gmt":"2019-09-01T15:58:25","guid":{"rendered":"https:\/\/www.revier67.ch\/solothurn\/unser-revier\/vereinsmitglieder\/"},"modified":"2025-04-27T17:08:35","modified_gmt":"2025-04-27T15:08:35","slug":"vereinsmitglieder","status":"publish","type":"page","link":"https:\/\/www.revier67.ch\/solothurn\/unser-revier\/vereinsmitglieder\/","title":{"rendered":"Vereinsmitglieder"},"content":{"rendered":"\n<figure class=\"wp-block-table is-style-stripes\"><table class=\"has-fixed-layout\"><tbody><tr><td>J. Fr\u00fch <\/td><td>Breitenbach <\/td><td>Vereinspr\u00e4sident \/ P\u00e4chter <\/td><\/tr><tr><td>D. Crameri <\/td><td>Riehen <\/td><td>P\u00e4chter <\/td><\/tr><tr><td>B. Huber<\/td><td>Suhr <\/td><td>P\u00e4chter<\/td><\/tr><tr><td>K. H\u00e4geli<\/td><td>Fl\u00fch <\/td><td>P\u00e4chter <\/td><\/tr><tr><td>L. M\u00fcller <\/td><td>Nunningen <\/td><td>P\u00e4chterin<\/td><\/tr><tr><td>G. Seitz <\/td><td>Nunningen <\/td><td>P\u00e4chter  <\/td><\/tr><tr><td>P. Treier<\/td><td>Grindel<\/td><td>Jagdaufsicht \/ P\u00e4chter<\/td><\/tr><tr><td>P. Tschabold<\/td><td>Breitenbach<\/td><td>Jagdleiter \/ P\u00e4chter<\/td><\/tr><tr><td>M. Franz <\/td><td>Wahlen <\/td><td>Jagdaufsicht \/ P\u00e4chter<\/td><\/tr><\/tbody><\/table><\/figure>\n","protected":false},"excerpt":{"rendered":"<p>J. Fr\u00fch Breitenbach Vereinspr\u00e4sident \/ P\u00e4chter D. Crameri Riehen P\u00e4chter B. Huber Suhr P\u00e4chter K. H\u00e4geli Fl\u00fch P\u00e4chter L. M\u00fcller Nunningen P\u00e4chterin G. Seitz Nunningen P\u00e4chter P. Treier Grindel Jagdaufsicht \/ P\u00e4chter P. Tschabold Breitenbach Jagdleiter \/ P\u00e4chter M. Franz Wahlen Jagdaufsicht \/ P\u00e4chter<\/p>\n","protected":false},"author":1,"featured_media":0,"parent":27,"menu_order":4,"comment_status":"closed","ping_status":"closed","template":"","meta":{"ocean_post_layout":"full-screen","ocean_both_sidebars_style":"","ocean_both_sidebars_content_width":0,"ocean_both_sidebars_sidebars_width":0,"ocean_sidebar":"0","ocean_second_sidebar":"0","ocean_disable_margins":"enable","ocean_add_body_class":"","ocean_shortcode_before_top_bar":"","ocean_shortcode_after_top_bar":"","ocean_shortcode_before_header":"","ocean_shortcode_after_header":"","ocean_has_shortcode":"","ocean_shortcode_after_title":"","ocean_shortcode_before_footer_widgets":"","ocean_shortcode_after_footer_widgets":"","ocean_shortcode_before_footer_bottom":"","ocean_shortcode_after_footer_bottom":"","ocean_display_top_bar":"default","ocean_display_header":"default","ocean_header_style":"","ocean_center_header_left_menu":"0","ocean_custom_header_template":"0","ocean_custom_logo":0,"ocean_custom_retina_logo":0,"ocean_custom_logo_max_width":0,"ocean_custom_logo_tablet_max_width":0,"ocean_custom_logo_mobile_max_width":0,"ocean_custom_logo_max_height":0,"ocean_custom_logo_tablet_max_height":0,"ocean_custom_logo_mobile_max_height":0,"ocean_header_custom_menu":"0","ocean_menu_typo_font_family":"0","ocean_menu_typo_font_subset":"","ocean_menu_typo_font_size":0,"ocean_menu_typo_font_size_tablet":0,"ocean_menu_typo_font_size_mobile":0,"ocean_menu_typo_font_size_unit":"px","ocean_menu_typo_font_weight":"","ocean_menu_typo_font_weight_tablet":"","ocean_menu_typo_font_weight_mobile":"","ocean_menu_typo_transform":"","ocean_menu_typo_transform_tablet":"","ocean_menu_typo_transform_mobile":"","ocean_menu_typo_line_height":0,"ocean_menu_typo_line_height_tablet":0,"ocean_menu_typo_line_height_mobile":0,"ocean_menu_typo_line_height_unit":"","ocean_menu_typo_spacing":0,"ocean_menu_typo_spacing_tablet":0,"ocean_menu_typo_spacing_mobile":0,"ocean_menu_typo_spacing_unit":"","ocean_menu_link_color":"","ocean_menu_link_color_hover":"","ocean_menu_link_color_active":"","ocean_menu_link_background":"","ocean_menu_link_hover_background":"","ocean_menu_link_active_background":"","ocean_menu_social_links_bg":"","ocean_menu_social_hover_links_bg":"","ocean_menu_social_links_color":"","ocean_menu_social_hover_links_color":"","ocean_disable_title":"default","ocean_disable_heading":"default","ocean_post_title":"","ocean_post_subheading":"","ocean_post_title_style":"","ocean_post_title_background_color":"","ocean_post_title_background":0,"ocean_post_title_bg_image_position":"","ocean_post_title_bg_image_attachment":"","ocean_post_title_bg_image_repeat":"","ocean_post_title_bg_image_size":"","ocean_post_title_height":0,"ocean_post_title_bg_overlay":0.5,"ocean_post_title_bg_overlay_color":"","ocean_disable_breadcrumbs":"default","ocean_breadcrumbs_color":"","ocean_breadcrumbs_separator_color":"","ocean_breadcrumbs_links_color":"","ocean_breadcrumbs_links_hover_color":"","ocean_display_footer_widgets":"default","ocean_display_footer_bottom":"default","ocean_custom_footer_template":"0","footnotes":""},"class_list":["post-116","page","type-page","status-publish","hentry","entry"],"featured_image_urls_v2":{"full":"","thumbnail":"","medium":"","medium_large":"","large":"","1536x1536":"","2048x2048":"","ocean-thumb-m":"","ocean-thumb-ml":"","ocean-thumb-l":""},"post_excerpt_stackable_v2":"<p>J. Fr\u00fch Breitenbach Vereinspr\u00e4sident \/ P\u00e4chter D. Crameri Riehen P\u00e4chter B. HuberSuhr P\u00e4chterK. H\u00e4geliFl\u00fch P\u00e4chter L. M\u00fcller Nunningen P\u00e4chterinG. Seitz Nunningen P\u00e4chter P. TreierGrindelJagdaufsicht \/ P\u00e4chterP. TschaboldBreitenbachJagdleiter \/ P\u00e4chterM. Franz Wahlen Jagdaufsicht \/ P\u00e4chter<\/p>\n","category_list_v2":"","author_info_v2":{"name":"Gernot Seitz","url":"https:\/\/www.revier67.ch\/solothurn\/author\/gernot_wn7gg262\/"},"comments_num_v2":"0 comments","jetpack_sharing_enabled":true,"_links":{"self":[{"href":"https:\/\/www.revier67.ch\/solothurn\/wp-json\/wp\/v2\/pages\/116","targetHints":{"allow":["GET"]}}],"collection":[{"href":"https:\/\/www.revier67.ch\/solothurn\/wp-json\/wp\/v2\/pages"}],"about":[{"href":"https:\/\/www.revier67.ch\/solothurn\/wp-json\/wp\/v2\/types\/page"}],"author":[{"embeddable":true,"href":"https:\/\/www.revier67.ch\/solothurn\/wp-json\/wp\/v2\/users\/1"}],"replies":[{"embeddable":true,"href":"https:\/\/www.revier67.ch\/solothurn\/wp-json\/wp\/v2\/comments?post=116"}],"version-history":[{"count":15,"href":"https:\/\/www.revier67.ch\/solothurn\/wp-json\/wp\/v2\/pages\/116\/revisions"}],"predecessor-version":[{"id":3446,"href":"https:\/\/www.revier67.ch\/solothurn\/wp-json\/wp\/v2\/pages\/116\/revisions\/3446"}],"up":[{"embeddable":true,"href":"https:\/\/www.revier67.ch\/solothurn\/wp-json\/wp\/v2\/pages\/27"}],"wp:attachment":[{"href":"https:\/\/www.revier67.ch\/solothurn\/wp-json\/wp\/v2\/media?parent=116"}],"curies":[{"name":"wp","href":"https:\/\/api.w.org\/{rel}","templated":true}]}}