{"id":29,"date":"2019-09-01T08:56:06","date_gmt":"2019-09-01T08:56:06","guid":{"rendered":"https:\/\/revier67.ch\/solothurn\/?page_id=29"},"modified":"2021-09-21T16:49:56","modified_gmt":"2021-09-21T14:49:56","slug":"jagd","status":"publish","type":"page","link":"https:\/\/www.revier67.ch\/solothurn\/jagd\/","title":{"rendered":"Jagd"},"content":{"rendered":"\t\t<div data-elementor-type=\"wp-page\" data-elementor-id=\"29\" class=\"elementor elementor-29\" data-elementor-post-type=\"page\">\n\t\t\t\t\t\t<section class=\"elementor-section elementor-top-section elementor-element elementor-element-438c572 elementor-section-boxed elementor-section-height-default elementor-section-height-default\" data-id=\"438c572\" data-element_type=\"section\" data-e-type=\"section\">\n\t\t\t\t\t\t<div class=\"elementor-container elementor-column-gap-default\">\n\t\t\t\t\t<div class=\"elementor-column elementor-col-100 elementor-top-column elementor-element elementor-element-f60b008\" data-id=\"f60b008\" data-element_type=\"column\" data-e-type=\"column\">\n\t\t\t<div class=\"elementor-widget-wrap elementor-element-populated\">\n\t\t\t\t\t\t<div class=\"elementor-element elementor-element-395d8e8 elementor-widget elementor-widget-html\" data-id=\"395d8e8\" data-element_type=\"widget\" data-e-type=\"widget\" data-widget_type=\"html.default\">\n\t\t\t\t<div class=\"elementor-widget-container\">\n\t\t\t\t\t\n<figure class=\"wp-block-pullquote is-style-solid-color\"><blockquote><p>Die Jagd.<br>Viele sprechen dar\u00fcber, nur wenige machen sich echte Gedanken was Jagd eigentlich ist...<\/p><\/blockquote><\/figure>\n\n\n\n<h2 class=\"wp-block-heading\">Der Begriff 'Jagd'<\/h2>\n\n\n\n<p>Mit diesem Begriff kann man im allgemeinen die T\u00e4tigkeit beschreiben, die dem Zweck dient ein nicht unmittelbar verf\u00fcgbares Lebewesen, einen Gegenstand oder Werte zu entdecken und sich diese Anzueignen.<\/p>\n\n\n\n<p>Denken wir dazu in erst einmal an die Spinne die in ihrem Netz sitzt und darauf wartet das ein Insekt sich in diesem verf\u00e4ngt. Denken wir aber auch an den Menschen, der in der Zeit des Ausverkaufs nach billiger Ware Ausschau h\u00e4lt und auf Schn\u00e4ppchenjagd geht.<\/p>\n\n\n\n<h2 class=\"wp-block-heading\">Jagd im weiteren Sinn<\/h2>\n\n\n\n<p>Die Jagd ist eines der Instrumente die Biodiversit\u00e4t zu Erhalten und gar zu f\u00f6rdern.<\/p>\n\n\n\n<p>Dies geschieht auf der Basis des Ausgleichs der Wildpopulation und des Lebensraumes. Mit diesem Ansatz k\u00f6nnen benachteiligte und gef\u00e4hrdete Tierarten gef\u00f6rdert werden, gleichzeitig aber Wildsch\u00e4den an der Vegetation, an anderen Tieren oder dem Menschen verhindert oder zumindest begrenzt werden.<\/p>\n\n\n\n<p>Den positiven Einfluss der Jagd auf die Wildgesundheit darf man an dieser Stelle nicht vergessen, das Erschliessen von wertvollen Produkten die direkt aus der Umgebung stammen - schmackhaftes Wildfleisch oder heimische Pelzprodukte - sind ebenfalls ein wichtiger Aspekt der Jagd.<\/p>\n\n\n\n<h2 class=\"wp-block-heading\">Was ist nun die Jagd die wir aus\u00fcben?<\/h2>\n\n\n\n<p>Man kann hier lang hin und her diskutieren. Jeder der J\u00e4ger in der Schweiz hat seine eigene Ansicht was er als 'Jagd' bezeichnet. <\/p>\n\n\n\n<p>Peider Ratti, der ehemalige Jagd- und Fischereiaufseher des Kantons Graub\u00fcnden und Kurt Lindner - Verfasser des Buches '<a href=\"https:\/\/www.amazon.de\/-\/en\/Kurt-Lindner\/dp\/3774916063\" target=\"_blank\" rel=\"noreferrer noopener\">Jagd: Verteidigung einer Definition'<\/a> haben folgende noch heute g\u00fcltige Definition des Begriffes 'Jagd' verfasst:<\/p>\n\n\n\n<blockquote class=\"wp-block-quote is-layout-flow wp-block-quote-is-layout-flow\"><p><strong>Jagd im engeren Sinn bezeichnet die spezifisch menschliche, legale Verfolgung von freilebendem Wild unter Verwendung zus\u00e4tzlicher Mittel, mit der Absicht, es zu fangen, zu erlegen und es sich anzueignen. Jagd ist nur gegeben, wenn das der Verfolgung ausgesetzte Tier eine Chance zum Entkommen hat.<\/strong><\/p><cite><em>Peider Ratti<\/em> \/ Kurt Lindner <\/cite><\/blockquote>\n\n\n\n<p>Die Jagd ist aber auch eine von den Beh\u00f6rden vorgegebene Aufgabe die in der <a href=\"https:\/\/www.fedlex.admin.ch\/eli\/cc\/1999\/404\/de#a79\" target=\"_blank\" rel=\"noreferrer noopener\">Bundesverfassung <\/a>verankert ist.<\/p>\n\n\n\n<p>Basierend auf dieser kann die Verwaltung auf freiwillige und fachm\u00e4nnische Unterst\u00fctzung der Schweizer Jagenden z\u00e4hlen. Mit den von Ihnen entrichteten Geb\u00fchren kann die Arbeit der kantonalen Jagdverwaltung, die Arbeit der Wildh\u00fcter und damit die Arbeit ganzer \u00c4mter finanziert werden.<\/p>\n\n\n\n<h4 class=\"wp-block-heading\">J\u00e4ger wird man nicht einfach so...<\/h4>\n\n\n\n<p>Jeder J\u00e4ger der in der Schweiz sein Handwerk aus\u00fcbt hat eine strenge Pr\u00fcfung zu bestehen. Der Aufwand der zum Erlangen dieses Wissens und zum Bestehen dieser Pr\u00fcfung betrieben werden muss sollte nicht untersch\u00e4tzt werden. Die nach der Pr\u00fcfung n\u00f6tige Weiterbildung (<a href=\"https:\/\/www.revier67.ch\/solothurn\/unser-revier\/\" target=\"_blank\" rel=\"noreferrer noopener\">Revierkenntnisse<\/a>, sicherer Umgang mit Waffen, Hundeausbildung etc.) belegen einen grossen Teil der Freizeit des J\u00e4gers.<\/p>\n\n\n\n<p>In ihrer Freizeit verbringt der J\u00e4ger viel in der Natur. Das beobachten der Wildtiere ist eine seiner Leidenschaften. Er \u00fcberwacht die Tierbest\u00e4nde in seinem Revier und sorgt daf\u00fcr das ein Gleichgewicht besteht.<br>J\u00e4ger setzten sich auch aktiv f\u00fcr die Pflege der Wildlebensr\u00e4ume ein und sorgen daf\u00fcr das die Wildtiere ohne St\u00f6rungen leben k\u00f6nnen.<\/p>\n\n\n\n<blockquote class=\"wp-block-quote is-layout-flow wp-block-quote-is-layout-flow\"><p>Die W\u00fcrde der Wildtiere ist des J\u00e4gers oberstes Gebot, dies setzt den verantwortungsvollen Umgang mit diesen voraus.<\/p><\/blockquote>\n\n\n\n<p>Das ein J\u00e4ger eine Freude an seiner Beute hat ist ein Resultat dieser Arbeit. Diese Freude wird in den Familien der J\u00e4ger geteilt und manch ein Jungj\u00e4ger hat diese Freude von seinem Vater oder seiner Mutter verinnerlicht und sich entschlossen diese Freude selbst erleben zu wollen.<\/p>\n\n\n\n<h2 class=\"wp-block-heading\">J\u00e4ger und ihre Hunde<\/h2>\n\n\n\n<p>Unter den J\u00e4gern gilt immer noch folgende Regel<\/p>\n\n\n\n<blockquote class=\"wp-block-quote is-layout-flow wp-block-quote-is-layout-flow\"><p>Wer will zu den J\u00e4gern z\u00e4hlen,<br>l\u00e4sst kein Wild zu Tode sich qu\u00e4len,<br>jagt allein nicht durch die Weite,<br>f\u00fchrt den guten Hund zur Seite!<\/p><cite><strong>Alexander Schmook<\/strong> (* 1888; \u2020 1969),mecklenburgischer Oberf\u00f6rster<\/cite><\/blockquote>\n\n\n\n<p>Dieser Spruch wird heute vereinfacht als 'Jagen ohne Hund ist Schund' sinngem\u00e4ss weitergegeben.<\/p>\n\n\n\n<p>Die Beziehung der J\u00e4ger zu ihren treusten Wegbeleitern ist eine Geschichte f\u00fcr sich. Das Arbeiten mit Hunden die auf der Jagd eingesetzt werden setzt ein besonderes Wissen des J\u00e4gers voraus. Viele der Hunderassen die wir heute auf den Strassen und in Kinderzimmern sehen wurden einst speziell f\u00fcr die Jagd gez\u00fcchtet. Heute sind sie ein besonderes Kulturgut...<\/p>\n\n\n\n<h2 class=\"wp-block-heading\">Jagd im Laufe der Zeit<\/h2>\n\n\n\n<p>Die Jagd geh\u00f6rt zu einer der \u00e4ltesten Traditionen der Menschheit. Auf allen Kontinenten zu allen Zeiten war und ist sie ein Bestandteil der Tradition und des Lebens. Sie stellte durch die mit der Jagd und dem Verfolgen der Beute n\u00f6tigen gr\u00f6sseren Wanderungen einen wichtigen Bestandteil der Evolution dar.<\/p>\n\n\n\n<figure class=\"wp-block-image size-full\"><img data-recalc-dims=\"1\" fetchpriority=\"high\" decoding=\"async\" width=\"870\" height=\"400\" src=\"https:\/\/i0.wp.com\/www.revier67.ch\/solothurn\/wp-content\/uploads\/2021\/08\/Urzeit.jpg?resize=870%2C400&#038;ssl=1\" alt=\"Jagd\" class=\"wp-image-786\" srcset=\"https:\/\/i0.wp.com\/www.revier67.ch\/solothurn\/wp-content\/uploads\/2021\/08\/Urzeit.jpg?w=870&amp;ssl=1 870w, https:\/\/i0.wp.com\/www.revier67.ch\/solothurn\/wp-content\/uploads\/2021\/08\/Urzeit.jpg?resize=300%2C138&amp;ssl=1 300w, https:\/\/i0.wp.com\/www.revier67.ch\/solothurn\/wp-content\/uploads\/2021\/08\/Urzeit.jpg?resize=768%2C353&amp;ssl=1 768w\" sizes=\"(max-width: 870px) 100vw, 870px\" \/><\/figure>\n\n\n\n<p>In der heutigen Zeit ist die Jagd so wie sie sich bei uns entwickelt und etabliert hat ein wichtiges Instrument der Nachhaltigkeit.<\/p>\n\n\n\n<p>Moderne Jagd tr\u00e4gt den \u00f6kologischen, wirtschaftlichen und gesellschaftlichen Anliegen Rechnung. Sie wird basieren auf wissenschaftlichen Kriterien geplant, ausgef\u00fchrt und \u00fcberwacht.<\/p>\n\n\n\n<h2 class=\"wp-block-heading\"><\/h2>\n\t\t\t\t<\/div>\n\t\t\t\t<\/div>\n\t\t\t\t\t<\/div>\n\t\t<\/div>\n\t\t\t\t\t<\/div>\n\t\t<\/section>\n\t\t\t\t<\/div>\n\t\t","protected":false},"excerpt":{"rendered":"<p>Die Jagd.Viele sprechen dar\u00fcber, nur wenige machen sich echte Gedanken was Jagd eigentlich ist&#8230; Der Begriff &#8218;Jagd&#8216; Mit diesem Begriff kann man im allgemeinen die T\u00e4tigkeit beschreiben, die dem Zweck dient ein nicht unmittelbar verf\u00fcgbares Lebewesen, einen Gegenstand oder Werte zu entdecken und sich diese Anzueignen. Denken wir dazu in erst einmal an die Spinne [&hellip;]<\/p>\n","protected":false},"author":1,"featured_media":0,"parent":0,"menu_order":19,"comment_status":"closed","ping_status":"closed","template":"","meta":{"ocean_post_layout":"full-screen","ocean_both_sidebars_style":"","ocean_both_sidebars_content_width":0,"ocean_both_sidebars_sidebars_width":0,"ocean_sidebar":"0","ocean_second_sidebar":"0","ocean_disable_margins":"enable","ocean_add_body_class":"","ocean_shortcode_before_top_bar":"","ocean_shortcode_after_top_bar":"","ocean_shortcode_before_header":"","ocean_shortcode_after_header":"","ocean_has_shortcode":"","ocean_shortcode_after_title":"","ocean_shortcode_before_footer_widgets":"","ocean_shortcode_after_footer_widgets":"","ocean_shortcode_before_footer_bottom":"","ocean_shortcode_after_footer_bottom":"","ocean_display_top_bar":"default","ocean_display_header":"default","ocean_header_style":"","ocean_center_header_left_menu":"0","ocean_custom_header_template":"0","ocean_custom_logo":0,"ocean_custom_retina_logo":0,"ocean_custom_logo_max_width":0,"ocean_custom_logo_tablet_max_width":0,"ocean_custom_logo_mobile_max_width":0,"ocean_custom_logo_max_height":0,"ocean_custom_logo_tablet_max_height":0,"ocean_custom_logo_mobile_max_height":0,"ocean_header_custom_menu":"0","ocean_menu_typo_font_family":"0","ocean_menu_typo_font_subset":"","ocean_menu_typo_font_size":0,"ocean_menu_typo_font_size_tablet":0,"ocean_menu_typo_font_size_mobile":0,"ocean_menu_typo_font_size_unit":"px","ocean_menu_typo_font_weight":"","ocean_menu_typo_font_weight_tablet":"","ocean_menu_typo_font_weight_mobile":"","ocean_menu_typo_transform":"","ocean_menu_typo_transform_tablet":"","ocean_menu_typo_transform_mobile":"","ocean_menu_typo_line_height":0,"ocean_menu_typo_line_height_tablet":0,"ocean_menu_typo_line_height_mobile":0,"ocean_menu_typo_line_height_unit":"","ocean_menu_typo_spacing":0,"ocean_menu_typo_spacing_tablet":0,"ocean_menu_typo_spacing_mobile":0,"ocean_menu_typo_spacing_unit":"","ocean_menu_link_color":"","ocean_menu_link_color_hover":"","ocean_menu_link_color_active":"","ocean_menu_link_background":"","ocean_menu_link_hover_background":"","ocean_menu_link_active_background":"","ocean_menu_social_links_bg":"","ocean_menu_social_hover_links_bg":"","ocean_menu_social_links_color":"","ocean_menu_social_hover_links_color":"","ocean_disable_title":"default","ocean_disable_heading":"default","ocean_post_title":"","ocean_post_subheading":"","ocean_post_title_style":"","ocean_post_title_background_color":"","ocean_post_title_background":0,"ocean_post_title_bg_image_position":"","ocean_post_title_bg_image_attachment":"","ocean_post_title_bg_image_repeat":"","ocean_post_title_bg_image_size":"","ocean_post_title_height":0,"ocean_post_title_bg_overlay":0.5,"ocean_post_title_bg_overlay_color":"","ocean_disable_breadcrumbs":"default","ocean_breadcrumbs_color":"","ocean_breadcrumbs_separator_color":"","ocean_breadcrumbs_links_color":"","ocean_breadcrumbs_links_hover_color":"","ocean_display_footer_widgets":"default","ocean_display_footer_bottom":"default","ocean_custom_footer_template":"0","footnotes":""},"class_list":["post-29","page","type-page","status-publish","hentry","entry"],"featured_image_urls_v2":{"full":"","thumbnail":"","medium":"","medium_large":"","large":"","1536x1536":"","2048x2048":"","ocean-thumb-m":"","ocean-thumb-ml":"","ocean-thumb-l":""},"post_excerpt_stackable_v2":"<p>Die Jagd.Viele sprechen dar\u00fcber, nur wenige machen sich echte Gedanken was Jagd eigentlich ist&#8230; Der Begriff &#8218;Jagd&#8216; Mit diesem Begriff kann man im allgemeinen die T\u00e4tigkeit beschreiben, die dem Zweck dient ein nicht unmittelbar verf\u00fcgbares Lebewesen, einen Gegenstand oder Werte zu entdecken und sich diese Anzueignen. Denken wir dazu in erst einmal an die Spinne die in ihrem Netz sitzt und darauf wartet das ein Insekt sich in diesem verf\u00e4ngt. Denken wir aber auch an den Menschen, der in der Zeit des Ausverkaufs nach billiger Ware Ausschau h\u00e4lt und auf Schn\u00e4ppchenjagd geht. Jagd im weiteren Sinn Die Jagd ist eines&hellip;<\/p>\n","category_list_v2":"","author_info_v2":{"name":"Gernot Seitz","url":"https:\/\/www.revier67.ch\/solothurn\/author\/gernot_wn7gg262\/"},"comments_num_v2":"0 comments","jetpack_sharing_enabled":true,"_links":{"self":[{"href":"https:\/\/www.revier67.ch\/solothurn\/wp-json\/wp\/v2\/pages\/29","targetHints":{"allow":["GET"]}}],"collection":[{"href":"https:\/\/www.revier67.ch\/solothurn\/wp-json\/wp\/v2\/pages"}],"about":[{"href":"https:\/\/www.revier67.ch\/solothurn\/wp-json\/wp\/v2\/types\/page"}],"author":[{"embeddable":true,"href":"https:\/\/www.revier67.ch\/solothurn\/wp-json\/wp\/v2\/users\/1"}],"replies":[{"embeddable":true,"href":"https:\/\/www.revier67.ch\/solothurn\/wp-json\/wp\/v2\/comments?post=29"}],"version-history":[{"count":12,"href":"https:\/\/www.revier67.ch\/solothurn\/wp-json\/wp\/v2\/pages\/29\/revisions"}],"predecessor-version":[{"id":984,"href":"https:\/\/www.revier67.ch\/solothurn\/wp-json\/wp\/v2\/pages\/29\/revisions\/984"}],"wp:attachment":[{"href":"https:\/\/www.revier67.ch\/solothurn\/wp-json\/wp\/v2\/media?parent=29"}],"curies":[{"name":"wp","href":"https:\/\/api.w.org\/{rel}","templated":true}]}}