{"id":357,"date":"2021-05-29T16:02:55","date_gmt":"2021-05-29T16:02:55","guid":{"rendered":"https:\/\/www.revier67.ch\/solothurn\/?page_id=357"},"modified":"2023-01-11T16:35:38","modified_gmt":"2023-01-11T14:35:38","slug":"dachs","status":"publish","type":"page","link":"https:\/\/www.revier67.ch\/solothurn\/die-jagd\/unser-wild\/dachs\/","title":{"rendered":"Der Dachs"},"content":{"rendered":"\n<figure class=\"wp-block-image size-large\"><img data-recalc-dims=\"1\" fetchpriority=\"high\" decoding=\"async\" width=\"891\" height=\"320\" src=\"https:\/\/i0.wp.com\/www.revier67.ch\/solothurn\/wp-content\/uploads\/2021\/05\/Title.jpg?resize=891%2C320&#038;ssl=1\" alt=\"Dachs\" class=\"wp-image-358\" srcset=\"https:\/\/i0.wp.com\/www.revier67.ch\/solothurn\/wp-content\/uploads\/2021\/05\/Title.jpg?w=891&amp;ssl=1 891w, https:\/\/i0.wp.com\/www.revier67.ch\/solothurn\/wp-content\/uploads\/2021\/05\/Title.jpg?resize=300%2C108&amp;ssl=1 300w, https:\/\/i0.wp.com\/www.revier67.ch\/solothurn\/wp-content\/uploads\/2021\/05\/Title.jpg?resize=768%2C276&amp;ssl=1 768w\" sizes=\"(max-width: 891px) 100vw, 891px\" \/><\/figure>\n\n\n\n<blockquote class=\"wp-block-quote is-layout-flow wp-block-quote-is-layout-flow\">\n<p>Der Dachs oder \u201eGrimmbart\u201c ist in der Schweiz weit verbreitet und ern\u00e4hrt sich, obwohl biologisch ein Fleischfresser, von Beeren, Feldfr\u00fcchten, Insekten und anderen Wirbellosen sowie Kleins\u00e4ugern&#8230;<\/p>\n\n\n\n<p><\/p>\n<\/blockquote>\n\n\n\n<h2 class=\"wp-block-heading\" id=\"mce_0\">Einleitung<\/h2>\n\n\n\n<p>Dachse sind in der ganzen Schweiz verbreitet. Sie bevorzugen jedoch haupts\u00e4chlich das Mittelland und die Voralpen. In den Alpen werden Baue bis in eine H\u00f6he von 1800 m.\u00fc.M gefunden.<\/p>\n\n\n\n<p>Nach den durch Tollwut (1980er Jahre) und den dadurch entstandenen Ausf\u00e4llen, nimmt die Population wieder stetig zu. Pro Jahr werden gem\u00e4ss <a href=\"https:\/\/www.uzh.ch\/wild\/ssl-dir\/jagdstatistik\/?page=wildtiere&amp;dt=1&amp;gr=2&amp;tr=16&amp;th=1&amp;ca=CH&amp;co=CH&amp;caco=1&amp;ys=2009&amp;ye=2016&amp;lang=de\" target=\"_blank\" aria-label=\" (opens in a new tab)\" rel=\"noreferrer noopener\" class=\"rank-math-link\">Jagdstatistik <\/a>rund 3000 Dachse erlegt und \u00fcber 3500 Tiere erscheinen in der <a href=\"https:\/\/www.bfs.admin.ch\/bfs\/de\/home\/statistiken\/land-forstwirtschaft\/jagd-fischerei-fischzucht\/jagd.assetdetail.3562755.html\" target=\"_blank\" aria-label=\" (opens in a new tab)\" rel=\"noreferrer noopener\" class=\"rank-math-link\">Fallwildstatistik<\/a>.<\/p>\n\n\n\n<p>Dachse werden in der Schweiz haupts\u00e4chlich zur lokalen Bek\u00e4mpfung von Sch\u00e4den an landwirtschaftlichen Kulturen bejagt.<br><\/p>\n\n\n<div class=\"su-accordion su-u-trim\">\n\n\n<div class=\"su-spoiler su-spoiler-style-default su-spoiler-icon-plus su-spoiler-closed\" data-scroll-offset=\"0\" data-anchor-in-url=\"no\"><div class=\"su-spoiler-title\" tabindex=\"0\" role=\"button\"><span class=\"su-spoiler-icon\"><\/span>Steckbrief<\/div><div class=\"su-spoiler-content su-u-clearfix su-u-trim\">\n\n\n\n<figure class=\"wp-block-table\"><table class=\"has-fixed-layout\"><tbody><tr><td>Gewicht (Lebendgewicht)<br><\/td><td>R\u00fcden bis 16kg und mehr,<br>F\u00e4hen etwas leichter<br><\/td><\/tr><tr><td>Paarungszeit (Ranz) <br><\/td><td>Hauptranzzeit: Februar bis Mai,<br>Fortpflanzug ist das ganze Jahr m\u00f6glich.<br><\/td><\/tr><tr><td>Tragzeit<\/td><td>Keimruhe 2-9 Monate (bis Dezember\/Januar).<br>Effektive Tragzeit 40-50 Tage.<br><\/td><\/tr><tr><td>Wurfzeit<\/td><td>Januar &#8211; M\u00e4rz.<br>2 bis 5 Junge<\/td><\/tr><tr><td>S\u00e4ugezeit<\/td><td>Bis 5 Monate<\/td><\/tr><tr><td>Nahrung<\/td><td>Allesfresser<br><\/td><\/tr><tr><td>Nat\u00fcrlicher Beutegreifer<\/td><td>Wolf<\/td><\/tr><tr><td>Verbreitungsgebiet<\/td><td>Ganze Schweiz (unterhalb der Waldgrenze)<\/td><\/tr><\/tbody><\/table><\/figure>\n\n\n<\/div><\/div>\n\n\n<div class=\"su-spoiler su-spoiler-style-default su-spoiler-icon-plus su-spoiler-closed\" data-scroll-offset=\"0\" data-anchor-in-url=\"no\"><div class=\"su-spoiler-title\" tabindex=\"0\" role=\"button\"><span class=\"su-spoiler-icon\"><\/span>Jagdsprachliche Bezeichnungen<\/div><div class=\"su-spoiler-content su-u-clearfix su-u-trim\">\n\n\n\n<figure class=\"wp-block-table\"><table class=\"has-fixed-layout\"><tbody><tr><td>Erwachsene Tiere <\/td><td>R\u00fcde \u2642 F\u00e4he \u2640 <\/td><\/tr><tr><td>Jungtiere<\/td><td>Jungsdachs \u2642\/\u2640<br><\/td><\/tr><tr><td>Tiergruppe<\/td><td>&#8211;<\/td><\/tr><tr><td>Fell<\/td><td>Schwarte<\/td><\/tr><tr><td>Augen<\/td><td>Seher<\/td><\/tr><tr><td>Ohren<\/td><td>Geh\u00f6re<\/td><\/tr><tr><td>Beine \/ F\u00fcsse <\/td><td>L\u00e4ufe \/ Branten<\/td><\/tr><tr><td>Schwanz<\/td><td>B\u00fcrzel<\/td><\/tr><tr><td>Paarungszeit<\/td><td>Ranz<br><\/td><\/tr><tr><td>Geburt<\/td><td>Werfen<\/td><\/tr><\/tbody><\/table><\/figure>\n\n\n<\/div><\/div>\n\n\n<div class=\"su-spoiler su-spoiler-style-default su-spoiler-icon-plus su-spoiler-closed\" data-scroll-offset=\"0\" data-anchor-in-url=\"no\"><div class=\"su-spoiler-title\" tabindex=\"0\" role=\"button\"><span class=\"su-spoiler-icon\"><\/span>Sinne<\/div><div class=\"su-spoiler-content su-u-clearfix su-u-trim\">\n\n\n\n<p>Die Augen des Dachses sind an ein Leben in Dunkelheit angepasst. Sie sind jedoch recht klein f\u00fcr ein nachtaktives Tier und so vertraut er auch eher seinem Geh\u00f6r und seinem Geruchssinn. Farben erkennt er nicht gut und wirklich scharf sehen, kann er nur was sich in unmittelbarer N\u00e4he befindet. Kontraste hingegen, unterscheidet er sehr viel besser und kann Umrisse auf 50 Meter Entfernung ausmachen.<\/p>\n\n\n\n<p>Der Geruchssinn ist bei Weitem am st\u00e4rksten entwickelt. Die Welt des Dachses ist eine Welt der Ger\u00fcche. Dachse sind in der Lage noch nach 2 Tagen zu riechen, ob Menschen an seinem Bau waren. Den Geruch von Artgenossen erkennen sie noch besser.<\/p>\n\n\n\n<p>Dachse haben feste Laufwege (Wildwechsel), die wie ihre Burgen, jahrhundertealt sein k\u00f6nnen. Diese Wechsel markieren sie mit Hilfe von Duftstoffen aus Analdr\u00fcsen. Selbst einem Laufweg \u00fcber einen sp\u00e4ter umgepfl\u00fcgten Acker, k\u00f6nnen sie noch m\u00fchelos folgen.<\/p>\n\n\n\n<p>\n\nIst der Boden noch warm und hat sich die Luft schnell abgek\u00fchlt, sind die Ger\u00fcche am leichtesten wahrzunehmen. Dieser Umstand entsteht bei zunehmender D\u00e4mmerung und ist f\u00fcr den Dachs somit der ideale Zeitpunkt f\u00fcr die Futtersuche.\n\n<\/p>\n\n\n<\/div><\/div>\n\n\n<div class=\"su-spoiler su-spoiler-style-default su-spoiler-icon-plus su-spoiler-closed\" data-scroll-offset=\"0\" data-anchor-in-url=\"no\"><div class=\"su-spoiler-title\" tabindex=\"0\" role=\"button\"><span class=\"su-spoiler-icon\"><\/span>Gebiss und Sch\u00e4del<\/div><div class=\"su-spoiler-content su-u-clearfix su-u-trim\">\n\n\n\n<p>Der Sch\u00e4del des Dachses zeigt deutliche Anpassungen an die Lebensweise des Tieres. Der kr\u00e4ftig ausgebildete Scheitelkamm ist typisch. An diesem Kamm sind die seitlichen, kr\u00e4ftigen Kaumuskeln befestigt.<br><\/p>\n\n\n<div class=\"wp-block-image\">\n<figure class=\"aligncenter\"><img data-recalc-dims=\"1\" decoding=\"async\" src=\"https:\/\/i0.wp.com\/www.revier67.ch\/solothurn\/wp-content\/uploads\/2023\/01\/Dachsschaedel.jpg?w=1200&#038;ssl=1\" alt=\"Dachs\n\" class=\"wp-image-1843\"\/><figcaption class=\"wp-element-caption\">Dachssch\u00e4del mit dem unverkennbaren Scheitelkamm<\/figcaption><\/figure>\n<\/div>\n\n\n<p>Das Gebiss weist kurze, dicke Eck- und Fangz\u00e4hne auf. Die Reissz\u00e4hne sind nicht richtig ausgebildet, die Backenz\u00e4hne sind hingegen deutlich verbreitert und f\u00fcr das Zermalmen von pflanzlicher Nahrung abgeflacht.<br><\/p>\n\n\n<\/div><\/div>\n\n\n<div class=\"su-spoiler su-spoiler-style-default su-spoiler-icon-plus su-spoiler-closed\" data-scroll-offset=\"0\" data-anchor-in-url=\"no\"><div class=\"su-spoiler-title\" tabindex=\"0\" role=\"button\"><span class=\"su-spoiler-icon\"><\/span>Lebensraum<\/div><div class=\"su-spoiler-content su-u-clearfix su-u-trim\">\n\n\n\n<p>Der Dachs ist sehr anpassungsf\u00e4hig. Strukturierte Landschaften mit W\u00e4ldern und landwirtschaftlich genutzten Fl\u00e4chen bieten ihm die besten Bedingungen.<\/p>\n\n\n\n<p>Die Bauten werden am liebsten in bewaldeten Hanglagen in leicht grabbaren Boden angelegt, in den Alpen kann dies auch unter Alph\u00fctten der Fall sein.<\/p>\n\n\n<\/div><\/div>\n\n\n<div class=\"su-spoiler su-spoiler-style-default su-spoiler-icon-plus su-spoiler-closed\" data-scroll-offset=\"0\" data-anchor-in-url=\"no\"><div class=\"su-spoiler-title\" tabindex=\"0\" role=\"button\"><span class=\"su-spoiler-icon\"><\/span>Verhalten<\/div><div class=\"su-spoiler-content su-u-clearfix su-u-trim\">\n\n\n\n<p>Der Dachs lebt in Familiengruppen. Da er nachtaktiv ist, setzt er mehrheitlich Laute und Ger\u00fcche zur Verst\u00e4ndigung ein. Die Losung sowie seine Duftdr\u00fcse unter dem B\u00fcrzel setzt er zum Stempeln seines Territoriums sein. Siehe &#8218;Dachslatrinen&#8216;<\/p>\n\n\n\n<figure class=\"wp-block-audio\"><audio controls src=\"https:\/\/jagen.blog\/wp-content\/uploads\/2018\/12\/65-130-070_europaeischer-dachs_meles-meles_021.mp3\"><\/audio><figcaption class=\"wp-element-caption\">Schnaufen und Grunzen eines Dachses<\/figcaption><\/figure>\n\n\n\n<p>Dachse verteidigen ihr Territorium das ganze Jahr hindurch, bei den Verteidigungsk\u00e4mpfen kann es sogar zu t\u00f6dlichen Beissereien kommen.<\/p>\n\n\n\n<p>Den Bau verl\u00e4sst der Dachs bei fortschreitender D\u00e4mmerung und kehrt am fr\u00fchen Morgen wieder zur\u00fcck, pro Nacht legt es so betr\u00e4chtliche Distanzen zur\u00fcck. Je h\u00f6her das Nahrungsangebot ist, desto kleiner wird das Streifgebiet.<\/p>\n\n\n\n<p>Im Winter reduziert er seine Aktivit\u00e4ten deutlich. Er h\u00e4lt Winterruhe jedoch keinen Winterschlaf, in dieser Zeit zehrt er von seinen Fettreserven. Er kann so Tage bis Wochen in seinem Bau verbringen den er nur gelegentlich zur Urin- oder Kotabgabe verl\u00e4sst.<\/p>\n\n\n\n<h3 class=\"wp-block-heading\">Dachslatrine<\/h3>\n\n\n\n<p>Dachse sind reinliche Tiere. Aus diesem Grund legen sie in kleinen, flachen Mulden &#8218;Toiletten&#8216; an die gezielt genutzt werden so genannte &#8218;Dachslatrine&#8216;.<\/p>\n\n\n\n<h3 class=\"wp-block-heading\">Der Dachsbau<\/h3>\n\n\n\n<p>Der Dachs baut mit seinen langen Krallen der Vorderpfoten &#8211; den Branten &#8211; seinen Bau selbst. Das ausgehobene Material scharrt und schleudert er dabei r\u00fcckw\u00e4rtsgehend aus dem Bau. Die f\u00fchrt zu einem charakteristischen Graben vor dem Baueingang. Diese Rinne, das sogenannte Geschleif und die grossen Mengen an Aushub unterscheiden den Dachs- vom Fuchsbau<\/p>\n\n\n<div class=\"wp-block-image\">\n<figure class=\"aligncenter\"><img data-recalc-dims=\"1\" decoding=\"async\" src=\"https:\/\/i0.wp.com\/www.revier67.ch\/solothurn\/wp-content\/uploads\/2023\/01\/800px-Steinhagen_-_Brockhagen_Dachsbau.jpg?w=1200&#038;ssl=1\" alt=\"\" class=\"wp-image-1828\"\/><figcaption class=\"wp-element-caption\">Typischer Graben vor dem Dachsbau<\/figcaption><\/figure>\n<\/div>\n\n\n<p>Der Dachsbau wird das ganze Jahr hindurch bewohnt er dient sowohl als Wurfst\u00e4tte wie auch als Winterquartier. Der Bau wird \u00fcber Generationen hinweg ausgebaut und gepflegt und besitzt meist mehrere Eing\u00e4nge.<\/p>\n\n\n\n<p>Die Gr\u00f6sse des Baues kann sich \u00fcber die Jahre auf mehrere hundert Quadratmeter ausdehnen. Die Gesamttunnell\u00e4nge kann dabei einige hundert Meter betragen!<\/p>\n\n\n\n<p>Oftmals beobachtet man Fuchs und Dachs die sich einen Bau Teilen. Dies ist dem Umstand zu verdanken, dass der Fuchs tagaktiv und der Dachs nachtaktiv ist.<\/p>\n\n\n<\/div><\/div>\n\n\n<div class=\"su-spoiler su-spoiler-style-default su-spoiler-icon-plus su-spoiler-closed\" data-scroll-offset=\"0\" data-anchor-in-url=\"no\"><div class=\"su-spoiler-title\" tabindex=\"0\" role=\"button\"><span class=\"su-spoiler-icon\"><\/span>Trittsiegel<\/div><div class=\"su-spoiler-content su-u-clearfix su-u-trim\">\n\n\n<div class=\"wp-block-image\">\n<figure class=\"aligncenter\"><img data-recalc-dims=\"1\" decoding=\"async\" src=\"https:\/\/i0.wp.com\/www.revier67.ch\/solothurn\/wp-content\/uploads\/2023\/01\/Trittsiegel.gif?w=1200&#038;ssl=1\" alt=\"\" class=\"wp-image-1814\"\/><\/figure>\n<\/div>\n\n<\/div><\/div>\n\n\n<div class=\"su-spoiler su-spoiler-style-default su-spoiler-icon-plus su-spoiler-closed\" data-scroll-offset=\"0\" data-anchor-in-url=\"no\"><div class=\"su-spoiler-title\" tabindex=\"0\" role=\"button\"><span class=\"su-spoiler-icon\"><\/span>Ern\u00e4hrung<\/div><div class=\"su-spoiler-content su-u-clearfix su-u-trim\">\n\n\n\n<p>Der Dachs ist ein Allesfresser. Je nach Gebiet und Jahreszeit \u00e4ndert sich sein Speisezettel. Besonders beliebt sind Regenw\u00fcrmer. Mit seinen Branten gr\u00e4bt er im Boden nach Insektenlarven und Wespen- und M\u00e4usenestern.<\/p>\n\n\n\n<p>Im Sommer und Herbst steht viel pflanzliche Nahrung auf dem Speiseplan. Getreide, Mais, Fallobst und Beeren auf landwirtschaftlichen Kulturen sind hier gerne willkommen. <br><\/p>\n\n\n\n<figure class=\"wp-block-embed is-type-video is-provider-youtube wp-block-embed-youtube wp-embed-aspect-16-9 wp-has-aspect-ratio\"><div class=\"wp-block-embed__wrapper\">\n<p class=\"responsive-video-wrap clr\"><iframe title=\"Dachs an Saukirrung\" width=\"1200\" height=\"675\" src=\"https:\/\/www.youtube.com\/embed\/peAyjpMYVGM?feature=oembed\" frameborder=\"0\" allow=\"accelerometer; autoplay; clipboard-write; encrypted-media; gyroscope; picture-in-picture; web-share\" allowfullscreen><\/iframe><\/p>\n<\/div><figcaption class=\"wp-element-caption\">Ein Dachs bedient sich an einer Kirrung<\/figcaption><\/figure>\n\n\n<\/div><\/div>\n\n\n<div class=\"su-spoiler su-spoiler-style-default su-spoiler-icon-plus su-spoiler-closed\" data-scroll-offset=\"0\" data-anchor-in-url=\"no\"><div class=\"su-spoiler-title\" tabindex=\"0\" role=\"button\"><span class=\"su-spoiler-icon\"><\/span>Losung<\/div><div class=\"su-spoiler-content su-u-clearfix su-u-trim\">\n\n\n<div class=\"wp-block-image\">\n<figure class=\"aligncenter\"><img data-recalc-dims=\"1\" decoding=\"async\" src=\"https:\/\/i0.wp.com\/www.revier67.ch\/solothurn\/wp-content\/uploads\/2023\/01\/Dachs-Losung-FH0602110007.jpg?w=1200&#038;ssl=1\" alt=\"\" class=\"wp-image-1825\"\/><figcaption class=\"wp-element-caption\">Dachs Losung in selbst gegrabener Latrine<\/figcaption><\/figure>\n<\/div>\n\n<\/div><\/div>\n\n\n<div class=\"su-spoiler su-spoiler-style-default su-spoiler-icon-plus su-spoiler-closed\" data-scroll-offset=\"0\" data-anchor-in-url=\"no\"><div class=\"su-spoiler-title\" tabindex=\"0\" role=\"button\"><span class=\"su-spoiler-icon\"><\/span>Fortpflanzung<\/div><div class=\"su-spoiler-content su-u-clearfix su-u-trim\">\n\n\n\n<p>Die Ranz dauert von Februar bis M\u00e4rz, Dachse sind aber das ganze Jahr hindurch fortpflanzungsf\u00e4hig.&nbsp;<br>Das befruchtete Ei geht in die Keimruhe \u00fcber, welche bis Dezember\/Januar dauert. Danach beginnt sich der Embryo weiter zu entwickeln.<br>Da in der Keimruhe weiter Eizellen befruchtet werden k\u00f6nnen, kommt es durchaus vor, dass in einem Wurf Welpen aus verschiedenen Paarungen zur Welt kommen.<\/p>\n\n\n\n<p>Die Jungtiere verlassen mit 8 Wochen den Bau zum ersten mal. Sie gehen mit der Mutter schon bald auf die n\u00e4chtliche Nahrungssuche.<\/p>\n\n\n\n<p>Nach rund 5 Monaten sind die Jungtiere entw\u00f6hnt.<\/p>\n\n\n<\/div><\/div>\n\n\n<div class=\"su-spoiler su-spoiler-style-default su-spoiler-icon-plus su-spoiler-closed\" data-scroll-offset=\"0\" data-anchor-in-url=\"no\"><div class=\"su-spoiler-title\" tabindex=\"0\" role=\"button\"><span class=\"su-spoiler-icon\"><\/span>Population<\/div><div class=\"su-spoiler-content su-u-clearfix su-u-trim\">\n\n\n\n<p>Eine genaue Bestandsz\u00e4hlung beim Dachs ist unm\u00f6glich! Die Population w\u00e4chst jedoch langsam, weshalb sie sich nach Ausf\u00e4llen zb. durch die Staupe oder Tollwut nur sehr langsam erholt.<\/p>\n\n\n\n<p>Ausser dem Menschen und dem Wolf hat der Dachs keinen Fressfeinde. Der Strassen- und Schienenverkehr jedoch verursacht hohe Verluste.<\/p>\n\n\n<\/div><\/div>\n\n\n<div class=\"su-spoiler su-spoiler-style-default su-spoiler-icon-plus su-spoiler-closed\" data-scroll-offset=\"0\" data-anchor-in-url=\"no\"><div class=\"su-spoiler-title\" tabindex=\"0\" role=\"button\"><span class=\"su-spoiler-icon\"><\/span>Konflikte<\/div><div class=\"su-spoiler-content su-u-clearfix su-u-trim\">\n\n\n\n<p>Dachse k\u00f6nnen in landwirtschaftlichen Nutzfl\u00e4chen Wildsch\u00e4den anrichten. Besonders milchreife Maisfelder an Weintrauben und Beerenkulturen.<\/p>\n\n\n\n<p>Eine Wildschadensverh\u00fctung findet hier mit bodennahen zweilitzigen Elektroz\u00e4unen und durch gezielten Abschuss statt.<br><\/p>\n\n\n<\/div><\/div>\n\n\n<div class=\"su-spoiler su-spoiler-style-default su-spoiler-icon-plus su-spoiler-closed\" data-scroll-offset=\"0\" data-anchor-in-url=\"no\"><div class=\"su-spoiler-title\" tabindex=\"0\" role=\"button\"><span class=\"su-spoiler-icon\"><\/span>Ansprechen und Altersbestimmung<\/div><div class=\"su-spoiler-content su-u-clearfix su-u-trim\">\n\n\n\n<p>Die Bestimmung des Geschlechtes kann nur am Tier selbst, anhand der \u00e4usseren Geschlechtsmerkmale wahrgenommen werden.<\/p>\n\n\n\n<p>Eine Altersbestimmung kann grob von der Gr\u00f6sse abgeleitet werden &#8211; Jungdachse sind kleiner wie ausgewachsene Tiere.<br><\/p>\n\n\n<\/div><\/div>\n\n\n<div class=\"su-spoiler su-spoiler-style-default su-spoiler-icon-plus su-spoiler-closed\" data-scroll-offset=\"0\" data-anchor-in-url=\"no\"><div class=\"su-spoiler-title\" tabindex=\"0\" role=\"button\"><span class=\"su-spoiler-icon\"><\/span>Bejagung<\/div><div class=\"su-spoiler-content su-u-clearfix su-u-trim\">\n\n\n\n<p>Der Dachs kann nur in der sp\u00e4ten D\u00e4mmerung und in der Nacht gejagt werden. Sie werden haupts\u00e4chlich im Ansitz am Bau oder Pass erlegt.<\/p>\n\n\n\n<p>Weiter kommen Dachse auf Bewegungsjagden oder auf der n\u00e4chtlichen Pirsch bei Mondlicht auf Weiden und Wiesen zur Strecke.<\/p>\n\n\n\n<p>Bejagt wird mit Schrot oder Kugel.<br><\/p>\n\n\n<\/div><\/div><br><\/div>\n\n\n<ul class=\"wp-block-list\"><\/ul>\n","protected":false},"excerpt":{"rendered":"<p>Der Dachs oder \u201eGrimmbart\u201c ist in der Schweiz weit verbreitet und ern\u00e4hrt sich, obwohl biologisch ein Fleischfresser, von Beeren, Feldfr\u00fcchten, Insekten und anderen Wirbellosen sowie Kleins\u00e4ugern&#8230; Einleitung Dachse sind in der ganzen Schweiz verbreitet. Sie bevorzugen jedoch haupts\u00e4chlich das Mittelland und die Voralpen. In den Alpen werden Baue bis in eine H\u00f6he von 1800 m.\u00fc.M [&hellip;]<\/p>\n","protected":false},"author":6,"featured_media":358,"parent":365,"menu_order":0,"comment_status":"closed","ping_status":"closed","template":"","meta":{"ocean_post_layout":"","ocean_both_sidebars_style":"","ocean_both_sidebars_content_width":0,"ocean_both_sidebars_sidebars_width":0,"ocean_sidebar":"0","ocean_second_sidebar":"0","ocean_disable_margins":"enable","ocean_add_body_class":"","ocean_shortcode_before_top_bar":"","ocean_shortcode_after_top_bar":"","ocean_shortcode_before_header":"","ocean_shortcode_after_header":"","ocean_has_shortcode":"","ocean_shortcode_after_title":"","ocean_shortcode_before_footer_widgets":"","ocean_shortcode_after_footer_widgets":"","ocean_shortcode_before_footer_bottom":"","ocean_shortcode_after_footer_bottom":"","ocean_display_top_bar":"default","ocean_display_header":"default","ocean_header_style":"","ocean_center_header_left_menu":"0","ocean_custom_header_template":"0","ocean_custom_logo":0,"ocean_custom_retina_logo":0,"ocean_custom_logo_max_width":0,"ocean_custom_logo_tablet_max_width":0,"ocean_custom_logo_mobile_max_width":0,"ocean_custom_logo_max_height":0,"ocean_custom_logo_tablet_max_height":0,"ocean_custom_logo_mobile_max_height":0,"ocean_header_custom_menu":"0","ocean_menu_typo_font_family":"0","ocean_menu_typo_font_subset":"","ocean_menu_typo_font_size":0,"ocean_menu_typo_font_size_tablet":0,"ocean_menu_typo_font_size_mobile":0,"ocean_menu_typo_font_size_unit":"px","ocean_menu_typo_font_weight":"","ocean_menu_typo_font_weight_tablet":"","ocean_menu_typo_font_weight_mobile":"","ocean_menu_typo_transform":"","ocean_menu_typo_transform_tablet":"","ocean_menu_typo_transform_mobile":"","ocean_menu_typo_line_height":0,"ocean_menu_typo_line_height_tablet":0,"ocean_menu_typo_line_height_mobile":0,"ocean_menu_typo_line_height_unit":"","ocean_menu_typo_spacing":0,"ocean_menu_typo_spacing_tablet":0,"ocean_menu_typo_spacing_mobile":0,"ocean_menu_typo_spacing_unit":"","ocean_menu_link_color":"","ocean_menu_link_color_hover":"","ocean_menu_link_color_active":"","ocean_menu_link_background":"","ocean_menu_link_hover_background":"","ocean_menu_link_active_background":"","ocean_menu_social_links_bg":"","ocean_menu_social_hover_links_bg":"","ocean_menu_social_links_color":"","ocean_menu_social_hover_links_color":"","ocean_disable_title":"default","ocean_disable_heading":"default","ocean_post_title":"","ocean_post_subheading":"","ocean_post_title_style":"","ocean_post_title_background_color":"","ocean_post_title_background":0,"ocean_post_title_bg_image_position":"","ocean_post_title_bg_image_attachment":"","ocean_post_title_bg_image_repeat":"","ocean_post_title_bg_image_size":"","ocean_post_title_height":0,"ocean_post_title_bg_overlay":0.5,"ocean_post_title_bg_overlay_color":"","ocean_disable_breadcrumbs":"default","ocean_breadcrumbs_color":"","ocean_breadcrumbs_separator_color":"","ocean_breadcrumbs_links_color":"","ocean_breadcrumbs_links_hover_color":"","ocean_display_footer_widgets":"default","ocean_display_footer_bottom":"default","ocean_custom_footer_template":"0","footnotes":""},"class_list":["post-357","page","type-page","status-publish","has-post-thumbnail","hentry","entry","has-media"],"featured_image_urls_v2":{"full":["https:\/\/i0.wp.com\/www.revier67.ch\/solothurn\/wp-content\/uploads\/2021\/05\/Title.jpg?fit=891%2C320&ssl=1",891,320,false],"thumbnail":["https:\/\/i0.wp.com\/www.revier67.ch\/solothurn\/wp-content\/uploads\/2021\/05\/Title.jpg?resize=150%2C150&ssl=1",150,150,true],"medium":["https:\/\/i0.wp.com\/www.revier67.ch\/solothurn\/wp-content\/uploads\/2021\/05\/Title.jpg?fit=300%2C108&ssl=1",300,108,true],"medium_large":["https:\/\/i0.wp.com\/www.revier67.ch\/solothurn\/wp-content\/uploads\/2021\/05\/Title.jpg?fit=768%2C276&ssl=1",768,276,true],"large":["https:\/\/i0.wp.com\/www.revier67.ch\/solothurn\/wp-content\/uploads\/2021\/05\/Title.jpg?fit=891%2C320&ssl=1",891,320,true],"1536x1536":["https:\/\/i0.wp.com\/www.revier67.ch\/solothurn\/wp-content\/uploads\/2021\/05\/Title.jpg?fit=891%2C320&ssl=1",891,320,true],"2048x2048":["https:\/\/i0.wp.com\/www.revier67.ch\/solothurn\/wp-content\/uploads\/2021\/05\/Title.jpg?fit=891%2C320&ssl=1",891,320,true],"ocean-thumb-m":["https:\/\/i0.wp.com\/www.revier67.ch\/solothurn\/wp-content\/uploads\/2021\/05\/Title.jpg?resize=600%2C320&ssl=1",600,320,true],"ocean-thumb-ml":["https:\/\/i0.wp.com\/www.revier67.ch\/solothurn\/wp-content\/uploads\/2021\/05\/Title.jpg?resize=800%2C320&ssl=1",800,320,true],"ocean-thumb-l":["https:\/\/i0.wp.com\/www.revier67.ch\/solothurn\/wp-content\/uploads\/2021\/05\/Title.jpg?resize=891%2C320&ssl=1",891,320,true]},"post_excerpt_stackable_v2":"<p>Der Dachs oder \u201eGrimmbart\u201c ist in der Schweiz weit verbreitet und ern\u00e4hrt sich, obwohl biologisch ein Fleischfresser, von Beeren, Feldfr\u00fcchten, Insekten und anderen Wirbellosen sowie Kleins\u00e4ugern&#8230; Einleitung Dachse sind in der ganzen Schweiz verbreitet. Sie bevorzugen jedoch haupts\u00e4chlich das Mittelland und die Voralpen. In den Alpen werden Baue bis in eine H\u00f6he von 1800 m.\u00fc.M gefunden. Nach den durch Tollwut (1980er Jahre) und den dadurch entstandenen Ausf\u00e4llen, nimmt die Population wieder stetig zu. Pro Jahr werden gem\u00e4ss Jagdstatistik rund 3000 Dachse erlegt und \u00fcber 3500 Tiere erscheinen in der Fallwildstatistik. Dachse werden in der Schweiz haupts\u00e4chlich zur lokalen Bek\u00e4mpfung von&hellip;<\/p>\n","category_list_v2":"","author_info_v2":{"name":"Peter Treier","url":"https:\/\/www.revier67.ch\/solothurn\/author\/peter-treier\/"},"comments_num_v2":"0 comments","jetpack_sharing_enabled":true,"_links":{"self":[{"href":"https:\/\/www.revier67.ch\/solothurn\/wp-json\/wp\/v2\/pages\/357","targetHints":{"allow":["GET"]}}],"collection":[{"href":"https:\/\/www.revier67.ch\/solothurn\/wp-json\/wp\/v2\/pages"}],"about":[{"href":"https:\/\/www.revier67.ch\/solothurn\/wp-json\/wp\/v2\/types\/page"}],"author":[{"embeddable":true,"href":"https:\/\/www.revier67.ch\/solothurn\/wp-json\/wp\/v2\/users\/6"}],"replies":[{"embeddable":true,"href":"https:\/\/www.revier67.ch\/solothurn\/wp-json\/wp\/v2\/comments?post=357"}],"version-history":[{"count":15,"href":"https:\/\/www.revier67.ch\/solothurn\/wp-json\/wp\/v2\/pages\/357\/revisions"}],"predecessor-version":[{"id":1698,"href":"https:\/\/www.revier67.ch\/solothurn\/wp-json\/wp\/v2\/pages\/357\/revisions\/1698"}],"up":[{"embeddable":true,"href":"https:\/\/www.revier67.ch\/solothurn\/wp-json\/wp\/v2\/pages\/365"}],"wp:featuredmedia":[{"embeddable":true,"href":"https:\/\/www.revier67.ch\/solothurn\/wp-json\/wp\/v2\/media\/358"}],"wp:attachment":[{"href":"https:\/\/www.revier67.ch\/solothurn\/wp-json\/wp\/v2\/media?parent=357"}],"curies":[{"name":"wp","href":"https:\/\/api.w.org\/{rel}","templated":true}]}}